{"id":1400,"date":"2015-12-30T09:39:34","date_gmt":"2015-12-30T08:39:34","guid":{"rendered":"http:\/\/www.heideducht.de\/test\/blog\/?page_id=1400"},"modified":"2015-12-30T09:39:34","modified_gmt":"2015-12-30T08:39:34","slug":"eiko-erzaehlt-wir-gehen-baden","status":"publish","type":"page","link":"https:\/\/vonderheideducht.de\/?page_id=1400","title":{"rendered":"Eiko erz\u00e4hlt &#8222;wir gehen Baden&#8220;"},"content":{"rendered":"<p><img loading=\"lazy\" decoding=\"async\" class=\"alignnone size-full wp-image-1401\" src=\"https:\/\/i0.wp.com\/vonderheideducht.de\/test\/blog\/wp-content\/uploads\/2015\/12\/eiko_geschichte.jpg?resize=150%2C99&#038;ssl=1\" alt=\"eiko_geschichte\" width=\"150\" height=\"99\" data-recalc-dims=\"1\" \/><\/p>\n<p>Von uns 7 Welpen wohnen wir diese Woche noch zu 4 bei unserer Mama.<br \/>\nElisa, Emma, En-Yoy sind schon zu Ihren neuen Familien gezogen. Frauchen hat schon ein paar Mal telefoniert, hat erfahren, dass sich alle problemlos in die Familien eingef\u00fcgt haben, alle gl\u00fccklich und zufrieden sind. Frauchen und Herrchen werden sich bald selbst davon \u00fcberzeugen.<\/p>\n<p>Heute ist Sonntag und es ist ein sch\u00f6ner warmer Tag. Wir alle, Herrchen, Frauchen, Oma Ellis, Mama Dicksche, Einstein, Eschra, Eiko und Elvis machen sich auf den Weg zum Baden.<br \/>\nHerrchen 3 an der Leine und Frauchen 3 &#8211; dann geht es \u00fcber den Deich durch die Schafe und auf die Stra\u00dfe Hinterm Deich,auf der wir ohne Leine laufen (kommt ja nicht jeden Tag Polizei).<\/p>\n<p>Herrlich, wir schn\u00fcffeln hier und schn\u00fcffeln da, rei\u00dfen Mama zwischendurch mal an den Ohren,rennen um die Wette und kullern durch das lange Gras. Es kommt uns eine Frau mit 2 Hunden entgegen, wir bellen die an, Frauchen!! Aber unser Frauchen als Rudelchef ist ganz ruhig und wir d\u00fcrfen die Hunde beschnuppern, die sind auch ganz freundlich zu uns.<\/p>\n<p>Wir laufen weiter bis zu unserer Badestelle, dort ist ein Pumpenhaus, dort wird der Wasser\u00fcberschu\u00df aus den Gr\u00e4ben des Marschenlandes in die Elbe gepumpt. Es ist dort ein gro\u00dfer breiter Wasserlauf, in dem auch Herrchen und Frauchen bei Hochwasser sch\u00f6n schwimmen k\u00f6nnen.<br \/>\nWenn es sehr hei\u00df ist und Ebbe in der Elbe, laufen wir an dem Wasserlauf (der dann auch leer ist) bis an den sandigen Elbstrand und dort ist immer ein rundes Wasserloch von 2 Quadratmetern, in dem sich das Regenwasser vom Sp\u00fclfeld sammelt. Dort k\u00f6nnen wir t\u00e4glich zu jeder Zeit planschen.<\/p>\n<p>Heute ist Hochwasser und eine Menschen Mama ist mit Ihren 3 Jungs auch da, wir m\u00f6gen Kinder, oh ja die schleppen mit uns umher, spielen mit uns und Bauchi streicheln k\u00f6nnen sie auch schon recht gut.<br \/>\nHa wir also ab zu den Kindern ins Wasser und mit ihnen um die Wette gepaddelt .Eiko unser S\u00fc\u00dfi zeigt bei jeder Gelegenheit sein B\u00e4uchlein, weil er sich dort so gerne streicheln l\u00e4sst. Die Kinder sollen seinen Bauch streicheln und Was macht \u201eEiko\u201c &#8211; er dreht sich auch im Wasser auf den R\u00fccken\u2026 das Wasser schl\u00e4gt \u00fcber dem verdutzten Hundegesicht zusammen, Eiko dreht sich schnell wieder um und schwimmt ans Ufer.<\/p>\n<p>Es dauert nicht lange und Eiko geht wieder schwimmen. hat nun gelernt: R\u00fcckenschwimmen ist f\u00fcr Hunde nicht geeignet.<br \/>\nIch werde seinen Gesichtsausdruck (Verwunderung, Erstaunen und dann Emp\u00f6rung), als das Wasser ins Gesicht spritzte, nicht vergessen!! Ich muss heute noch schmunzeln, wenn ich daran denke &#8211; Ha, Ha, einfach herrlich.<br \/>\nDer Rest des Tages verlief ohne besondere Vorkommnisse.\u2026<\/p>\n","protected":false},"excerpt":{"rendered":"<p>Von uns 7 Welpen wohnen wir diese Woche noch zu 4 bei unserer Mama. Elisa, Emma, En-Yoy sind schon zu Ihren neuen Familien gezogen. Frauchen hat schon ein paar Mal telefoniert, hat erfahren, dass sich alle problemlos in die Familien eingef\u00fcgt haben, alle gl\u00fccklich und zufrieden sind. Frauchen und Herrchen werden sich bald selbst davon &hellip; <a href=\"https:\/\/vonderheideducht.de\/?page_id=1400\" class=\"more-link\"><span class=\"screen-reader-text\">Eiko erz\u00e4hlt &#8222;wir gehen Baden&#8220;<\/span> weiterlesen <span class=\"meta-nav\">&rarr;<\/span><\/a><\/p>\n","protected":false},"author":1,"featured_media":0,"parent":301,"menu_order":3,"comment_status":"open","ping_status":"closed","template":"","meta":{"ngg_post_thumbnail":0,"jetpack_post_was_ever_published":false,"footnotes":""},"class_list":["post-1400","page","type-page","status-publish","hentry"],"jetpack_sharing_enabled":true,"jetpack_shortlink":"https:\/\/wp.me\/P71my5-mA","jetpack_likes_enabled":true,"_links":{"self":[{"href":"https:\/\/vonderheideducht.de\/index.php?rest_route=\/wp\/v2\/pages\/1400","targetHints":{"allow":["GET"]}}],"collection":[{"href":"https:\/\/vonderheideducht.de\/index.php?rest_route=\/wp\/v2\/pages"}],"about":[{"href":"https:\/\/vonderheideducht.de\/index.php?rest_route=\/wp\/v2\/types\/page"}],"author":[{"embeddable":true,"href":"https:\/\/vonderheideducht.de\/index.php?rest_route=\/wp\/v2\/users\/1"}],"replies":[{"embeddable":true,"href":"https:\/\/vonderheideducht.de\/index.php?rest_route=%2Fwp%2Fv2%2Fcomments&post=1400"}],"version-history":[{"count":1,"href":"https:\/\/vonderheideducht.de\/index.php?rest_route=\/wp\/v2\/pages\/1400\/revisions"}],"predecessor-version":[{"id":1402,"href":"https:\/\/vonderheideducht.de\/index.php?rest_route=\/wp\/v2\/pages\/1400\/revisions\/1402"}],"up":[{"embeddable":true,"href":"https:\/\/vonderheideducht.de\/index.php?rest_route=\/wp\/v2\/pages\/301"}],"wp:attachment":[{"href":"https:\/\/vonderheideducht.de\/index.php?rest_route=%2Fwp%2Fv2%2Fmedia&parent=1400"}],"curies":[{"name":"wp","href":"https:\/\/api.w.org\/{rel}","templated":true}]}}