{"id":1617,"date":"2016-01-04T18:14:12","date_gmt":"2016-01-04T17:14:12","guid":{"rendered":"http:\/\/www.heideducht.de\/blog\/?page_id=1617"},"modified":"2016-01-04T18:19:00","modified_gmt":"2016-01-04T17:19:00","slug":"fiete","status":"publish","type":"page","link":"https:\/\/vonderheideducht.de\/?page_id=1617","title":{"rendered":"Fiete"},"content":{"rendered":"<p>Fiete ist am 29.10.07 als 5. Baby von 5 um 7.35 Uhr geboren.<\/p>\n<p>Fiete hat von Anfang an die Figur &#8222;quadratisch praktisch gut&#8220; gehabt.\u00a0 An ihm ist mir als erstes eine Besonderheit aufgefallen, manchmal sa\u00df er einfach vorm Haus auf dem Rasen, hob die Nase in die Luft und es schien, als ob er den Wolken nachschaute &#8211; aber weit gefehlt, als ich genau hinsah, konnte ich sehen, wie das kleine N\u00e4schen all die Ger\u00fcche aus der Luft praktisch aufsaugte. Ah ja, sagte ich mir im Stillen, da haben wir wohl einen Hund mit ausgepr\u00e4gten Jagdinstinkt in diesem Wurf.\u00a0 Ansonsten war Fiete wie die anderen total lieb, fr\u00f6hlich, neugierig, total verschmust.<\/p>\n<p>Im Alter von 12 Wochen kam er zu Familie Lorenzen, er wuchs mit Hundeschule, einem Herrchen, das immer mit ihm\u00a0 tobte, und einem Frauchen, das aufpasste, dass er auch ab und zu gehorchte, zu einem sch\u00f6nen R\u00fcden heran. Dann wurde das Frauchen schwer krank und Fiete gab ihr Trost und Liebe. Er hat sich dann auch mit seinem Herrchen zusammen am Sterbetag im Hospiz von ihr verabschiedet.<\/p>\n<p>Nun konnte Fiete nicht mehr bei seinem Herrchen bleiben, weil der den ganzen Tag arbeiten musste\u2026\u2026. Da ich die ganze Zeit mit den Lorenzens in Verbindung stand, habe ich unseren kleinen Fiete dann dort abgeholt und so war er wieder bei uns in seinem alten Zuhause. Gleich ist er wieder wie fr\u00fcher mit Mama Dicksche und Nena am Deich lang getobt und so wurde er gut von seiner Trauer abgelenkt. Wir suchten nun f\u00fcr ihn ein neues Zuhause.<\/p>\n<p>Zwischenzeitlich hatten wir viel Spa\u00df mit ihm, aber auch Stress, er zieht wie ein Bers\u00e4rker an der Leine, und er macht sich einen Spa\u00df daraus, die Schafe hinterm Zaun zu erschrecken. Auch bei anderen R\u00fcden muss man ihn immer im Auge haben.\u00a0 Aber ich hatte ihn ganz gut im Griff, er gehorchte soweit gut.<\/p>\n<p>Eines Tages waren wir schon auf den R\u00fcckweg\u00a0 oben auf dem Deich lang, ich hatte Fiete, Dicksche und Nena an die Leine genommen, denn die Schafe grasten links und rechts von uns . Nach em wir die Schafe auf dem Deich schon ein gutes St\u00fcck hinter uns gelassen hatten, habe ich Dicksche und Nena los gemacht, denn meine Damen haben kein Interesse an den Schafen. Fiete habe ich noch an der Leine gelassen, bis so 500 m vor zu Hause\u2026 da hab ich den Bengel dann auch los gemacht\u2026. In der Annahme er l\u00e4uft mit den Damen sch\u00f6n gem\u00fctlich nach Hause\u2026. und was soll ich Euch sagen?! Macht dieser verfluchte Hund auf der Hacke kehrt, in einen Affenzahn zur\u00fcck auf dem Deich Richtung Schafe!! Meine Damen -angesteckt von seinem Rennen &#8211; auch hinterher &#8211;\u00a0 ich meine Beine in die Hand (soweit es noch m\u00f6glich ist) auch hinterher..<\/p>\n<p>Nena hat sich nach 200 m umgeschaut und ist zu mir zur\u00fcckgekommen\u2026(Liebes M\u00e4dchen &#8211; ohne Frauchen geht sie nicht) Dicksche ist so kopflos dann, die kann ich dann auch aus vollem Lauf nicht mehr abrufen. Nena also angeleint, dann die Leine \u00fcber den n\u00e4chsten Pfahl geschmissen &#8222;Platz!!!&#8220; &#8211;\u00a0 Und ich weiter hinter den Hunden her\u2026.<\/p>\n<p>Mindestens 1 Km weiter kam mir Dicksche schon mit schuldbewusstem h\u00e4ngenden Kopf entgegen, auch die wurde angeleint, ich ging mit ihr weiter. Auf der Wiese unterhalb des Deiches sah ich Fiete dann &#8211;\u00a0 er hatte zwei Schafe von der Herde getrennt und sie standen mit dem Achtersen an dem Zaun gepresst und sahen Fiete unverwandt an , bewegten sich aber kein St\u00fcck mehr von der Stelle . Fiete lag vor ihnen auf dem Bauch und hielt sie in Schach.\u00a0 Aus den Augenwinkeln hatte ich schon Hauke, unseren Sch\u00e4fer, aus dem Haus kommen sehen, nun stand er am Sch\u00fctt und lachte, w\u00e4hrenddessen ich zu Fiete ging, ihn anleinte und nun selber mit h\u00e4ngendem Kopf und schlechtem Gewissen auf den Sch\u00e4fer zuging.<\/p>\n<p>Hauke sagte \u201e ich dachte er w\u00e4re alleine Ausgeb\u00fcchst\u2026 wo warst Du denn?&#8220; Ich sagte \u201e Mensch Hauke, ich war fast zu Hause mit den Hunden,\u00a0 habe den Bengel erst dort losgemacht und er ist abgehauen\u2026.ich bin auch nicht mehr so schnell wie fr\u00fcher\u2026.\u201c<\/p>\n<p>\u201e Na Ute, da hast Du ja einen perfekten H\u00fctehund, der kann gleich bei den Wettbewerben mitmachen Ha Ha Ha\u2026! Na ist ja nichts Passiert und von den Schafen ist ja auch keine tr\u00e4chtig, in die Hacken Bei\u00dfen tut er ja nicht.&#8220;<\/p>\n<p>Oh man, war mir das peinlich\u2026\u2026 wir zogen von Dnnen und ich nahm mir vor, unserem Sch\u00e4fer ein Naschpacket und einen Sankt Margarethener Schnaps zukommen zu lassen.<br \/>\nAls wir nun dann wieder fast zu Hause waren und wir oben durch die letzte Pforte gehen wollten, haben meine Weiber und Fiete sich das Zoffen angefangen, wer als Erste durch die Pforte geht. Dabei ist mir die Leine von\u00a0 &#8211; Nat\u00fcrlich &#8211;\u00a0 Fiete aus den H\u00e4nden geglitten,\u00a0 und was soll ich gro\u00df sagen?!!<\/p>\n<p>Er wieder ab und davon, geradeaus zu den Schafen auf diesem Deichabschnitt. Ich habe schnell meine Weiber auf unser Grundst\u00fcck gebracht und dann ab wieder hinter Fiete hinterher!!<\/p>\n<p>Der hatte nun ein paar Schafe in das Gehege des Sch\u00e4fers drei H\u00e4user weiter getrieben,\u00a0 ich hin und bekam den Bengel auch gleich zu fassen, da er wieder vor ihnen lag und sie bewachte&#8230;<\/p>\n<p>Ich war Schwei\u00dfgebadet, Fiete nur aus der Puste, und wir gingen nach Hause. Dort habe ich die Hunde ins Haus gelassen und mich selber Trocken gelegt, denn ich musste unbedingt los zur Arbeit.<\/p>\n<p>Fiete hat dann nach ein paar Monaten in Bremen bei Waltraud und Cocker Brenda ein neues Zuhause gefunden, dort in Bremen sind keine Schafe zum Jagen, sie gehen immer sch\u00f6n im Park spazieren. Und Enten Jagen wurde gleich erfolgreich verboten.<\/p>\n<p>Hier am Deich h\u00e4tte er diesen Jagdtrieb immer wieder gezeigt, ganz einfach, weil er ja erfolgreich war.<\/p>\n<p>Autor : Ute Ramm<\/p>\n<div class='polaroid-gallery galleryid-1617' style='width:340px;'>\n\t\t\t<a href=\"https:\/\/i0.wp.com\/vonderheideducht.de\/wp-content\/uploads\/2016\/01\/fiete1.jpg?fit=333%2C500&ssl=1\" title=\"Fiete\" rel=\"polaroid_1916103799\" class=\"polaroid-gallery-item showcaption\"><span class=\"polaroid-gallery-image\" title=\"\" style=\"background-image: url(https:\/\/i0.wp.com\/vonderheideducht.de\/wp-content\/uploads\/2016\/01\/fiete1.jpg?resize=150%2C150&ssl=1); width: 150px; height: 150px;\"><\/span><\/a>\n\t\t\t<a href=\"https:\/\/i0.wp.com\/vonderheideducht.de\/wp-content\/uploads\/2016\/01\/fiete2.jpg?fit=333%2C500&ssl=1\" title=\"Fiete\" rel=\"polaroid_1916103799\" class=\"polaroid-gallery-item showcaption\"><span class=\"polaroid-gallery-image\" title=\"\" style=\"background-image: url(https:\/\/i0.wp.com\/vonderheideducht.de\/wp-content\/uploads\/2016\/01\/fiete2.jpg?resize=150%2C150&ssl=1); width: 150px; height: 150px;\"><\/span><\/a>\n\t\t\t<br style=\"clear: both;\" \/>\n\t\t\t<a href=\"https:\/\/i0.wp.com\/vonderheideducht.de\/wp-content\/uploads\/2016\/01\/fiete3.jpg?fit=333%2C500&ssl=1\" title=\"Fiete\" rel=\"polaroid_1916103799\" class=\"polaroid-gallery-item showcaption\"><span class=\"polaroid-gallery-image\" title=\"\" style=\"background-image: url(https:\/\/i0.wp.com\/vonderheideducht.de\/wp-content\/uploads\/2016\/01\/fiete3.jpg?resize=150%2C150&ssl=1); width: 150px; height: 150px;\"><\/span><\/a>\n\t\t\t<br style=\"clear: both;\" \/><\/div>\n\n","protected":false},"excerpt":{"rendered":"<p>Fiete ist am 29.10.07 als 5. Baby von 5 um 7.35 Uhr geboren. Fiete hat von Anfang an die Figur &#8222;quadratisch praktisch gut&#8220; gehabt.\u00a0 An ihm ist mir als erstes eine Besonderheit aufgefallen, manchmal sa\u00df er einfach vorm Haus auf dem Rasen, hob die Nase in die Luft und es schien, als ob er den &hellip; <a href=\"https:\/\/vonderheideducht.de\/?page_id=1617\" class=\"more-link\"><span class=\"screen-reader-text\">Fiete<\/span> weiterlesen <span class=\"meta-nav\">&rarr;<\/span><\/a><\/p>\n","protected":false},"author":1,"featured_media":0,"parent":301,"menu_order":0,"comment_status":"open","ping_status":"closed","template":"","meta":{"ngg_post_thumbnail":0,"jetpack_post_was_ever_published":false,"footnotes":""},"class_list":["post-1617","page","type-page","status-publish","hentry"],"jetpack_sharing_enabled":true,"jetpack_shortlink":"https:\/\/wp.me\/P71my5-q5","jetpack_likes_enabled":true,"_links":{"self":[{"href":"https:\/\/vonderheideducht.de\/index.php?rest_route=\/wp\/v2\/pages\/1617","targetHints":{"allow":["GET"]}}],"collection":[{"href":"https:\/\/vonderheideducht.de\/index.php?rest_route=\/wp\/v2\/pages"}],"about":[{"href":"https:\/\/vonderheideducht.de\/index.php?rest_route=\/wp\/v2\/types\/page"}],"author":[{"embeddable":true,"href":"https:\/\/vonderheideducht.de\/index.php?rest_route=\/wp\/v2\/users\/1"}],"replies":[{"embeddable":true,"href":"https:\/\/vonderheideducht.de\/index.php?rest_route=%2Fwp%2Fv2%2Fcomments&post=1617"}],"version-history":[{"count":5,"href":"https:\/\/vonderheideducht.de\/index.php?rest_route=\/wp\/v2\/pages\/1617\/revisions"}],"predecessor-version":[{"id":1625,"href":"https:\/\/vonderheideducht.de\/index.php?rest_route=\/wp\/v2\/pages\/1617\/revisions\/1625"}],"up":[{"embeddable":true,"href":"https:\/\/vonderheideducht.de\/index.php?rest_route=\/wp\/v2\/pages\/301"}],"wp:attachment":[{"href":"https:\/\/vonderheideducht.de\/index.php?rest_route=%2Fwp%2Fv2%2Fmedia&parent=1617"}],"curies":[{"name":"wp","href":"https:\/\/api.w.org\/{rel}","templated":true}]}}

<p>Fiete ist am 29.10.07 als 5. Baby von 5 um 7.35 Uhr geboren.</p>
<p>Fiete hat von Anfang an die Figur &#8222;quadratisch praktisch gut&#8220; gehabt.  An ihm ist mir als erstes eine Besonderheit aufgefallen, manchmal saß er einfach vorm Haus auf dem Rasen, hob die Nase in die Luft und es schien, als ob er den Wolken nachschaute &#8211; aber weit gefehlt, als ich genau hinsah, konnte ich sehen, wie das kleine Näschen all die Gerüche aus der Luft praktisch aufsaugte. Ah ja, sagte ich mir im Stillen, da haben wir wohl einen Hund mit ausgeprägten Jagdinstinkt in diesem Wurf.  Ansonsten war Fiete wie die anderen total lieb, fröhlich, neugierig, total verschmust.</p>
<p>Im Alter von 12 Wochen kam er zu Familie Lorenzen, er wuchs mit Hundeschule, einem Herrchen, das immer mit ihm  tobte, und einem Frauchen, das aufpasste, dass er auch ab und zu gehorchte, zu einem schönen Rüden heran. Dann wurde das Frauchen schwer krank und Fiete gab ihr Trost und Liebe. Er hat sich dann auch mit seinem Herrchen zusammen am Sterbetag im Hospiz von ihr verabschiedet.</p>
<p>Nun konnte Fiete nicht mehr bei seinem Herrchen bleiben, weil der den ganzen Tag arbeiten musste……. Da ich die ganze Zeit mit den Lorenzens in Verbindung stand, habe ich unseren kleinen Fiete dann dort abgeholt und so war er wieder bei uns in seinem alten Zuhause. Gleich ist er wieder wie früher mit Mama Dicksche und Nena am Deich lang getobt und so wurde er gut von seiner Trauer abgelenkt. Wir suchten nun für ihn ein neues Zuhause.</p>
<p>Zwischenzeitlich hatten wir viel Spaß mit ihm, aber auch Stress, er zieht wie ein Bersärker an der Leine, und er macht sich einen Spaß daraus, die Schafe hinterm Zaun zu erschrecken. Auch bei anderen Rüden muss man ihn immer im Auge haben.  Aber ich hatte ihn ganz gut im Griff, er gehorchte soweit gut.</p>
<p>Eines Tages waren wir schon auf den Rückweg  oben auf dem Deich lang, ich hatte Fiete, Dicksche und Nena an die Leine genommen, denn die Schafe grasten links und rechts von uns . Nach em wir die Schafe auf dem Deich schon ein gutes Stück hinter uns gelassen hatten, habe ich Dicksche und Nena los gemacht, denn meine Damen haben kein Interesse an den Schafen. Fiete habe ich noch an der Leine gelassen, bis so 500 m vor zu Hause… da hab ich den Bengel dann auch los gemacht…. In der Annahme er läuft mit den Damen schön gemütlich nach Hause…. und was soll ich Euch sagen?! Macht dieser verfluchte Hund auf der Hacke kehrt, in einen Affenzahn zurück auf dem Deich Richtung Schafe!! Meine Damen -angesteckt von seinem Rennen &#8211; auch hinterher &#8211;  ich meine Beine in die Hand (soweit es noch möglich ist) auch hinterher..</p>
<p>Nena hat sich nach 200 m umgeschaut und ist zu mir zurückgekommen…(Liebes Mädchen &#8211; ohne Frauchen geht sie nicht) Dicksche ist so kopflos dann, die kann ich dann auch aus vollem Lauf nicht mehr abrufen. Nena also angeleint, dann die Leine über den nächsten Pfahl geschmissen &#8222;Platz!!!&#8220; &#8211;  Und ich weiter hinter den Hunden her….</p>
<p>Mindestens 1 Km weiter kam mir Dicksche schon mit schuldbewusstem hängenden Kopf entgegen, auch die wurde angeleint, ich ging mit ihr weiter. Auf der Wiese unterhalb des Deiches sah ich Fiete dann &#8211;  er hatte zwei Schafe von der Herde getrennt und sie standen mit dem Achtersen an dem Zaun gepresst und sahen Fiete unverwandt an , bewegten sich aber kein Stück mehr von der Stelle . Fiete lag vor ihnen auf dem Bauch und hielt sie in Schach.  Aus den Augenwinkeln hatte ich schon Hauke, unseren Schäfer, aus dem Haus kommen sehen, nun stand er am Schütt und lachte, währenddessen ich zu Fiete ging, ihn anleinte und nun selber mit hängendem Kopf und schlechtem Gewissen auf den Schäfer zuging.</p>
<p>Hauke sagte „ ich dachte er wäre alleine Ausgebüchst… wo warst Du denn?&#8220; Ich sagte „ Mensch Hauke, ich war fast zu Hause mit den Hunden,  habe den Bengel erst dort losgemacht und er ist abgehauen….ich bin auch nicht mehr so schnell wie früher….“</p>
<p>„ Na Ute, da hast Du ja einen perfekten Hütehund, der kann gleich bei den Wettbewerben mitmachen Ha Ha Ha…! Na ist ja nichts Passiert und von den Schafen ist ja auch keine trächtig, in die Hacken Beißen tut er ja nicht.&#8220;</p>
<p>Oh man, war mir das peinlich…… wir zogen von Dnnen und ich nahm mir vor, unserem Schäfer ein Naschpacket und einen Sankt Margarethener Schnaps zukommen zu lassen.<br />
Als wir nun dann wieder fast zu Hause waren und wir oben durch die letzte Pforte gehen wollten, haben meine Weiber und Fiete sich das Zoffen angefangen, wer als Erste durch die Pforte geht. Dabei ist mir die Leine von  &#8211; Natürlich &#8211;  Fiete aus den Händen geglitten,  und was soll ich groß sagen?!!</p>
<p>Er wieder ab und davon, geradeaus zu den Schafen auf diesem Deichabschnitt. Ich habe schnell meine Weiber auf unser Grundstück gebracht und dann ab wieder hinter Fiete hinterher!!</p>
<p>Der hatte nun ein paar Schafe in das Gehege des Schäfers drei Häuser weiter getrieben,  ich hin und bekam den Bengel auch gleich zu fassen, da er wieder vor ihnen lag und sie bewachte&#8230;</p>
<p>Ich war Schweißgebadet, Fiete nur aus der Puste, und wir gingen nach Hause. Dort habe ich die Hunde ins Haus gelassen und mich selber Trocken gelegt, denn ich musste unbedingt los zur Arbeit.</p>
<p>Fiete hat dann nach ein paar Monaten in Bremen bei Waltraud und Cocker Brenda ein neues Zuhause gefunden, dort in Bremen sind keine Schafe zum Jagen, sie gehen immer schön im Park spazieren. Und Enten Jagen wurde gleich erfolgreich verboten.</p>
<p>Hier am Deich hätte er diesen Jagdtrieb immer wieder gezeigt, ganz einfach, weil er ja erfolgreich war.</p>
<p>Autor : Ute Ramm</p>
<div class='polaroid-gallery galleryid-1617' style='width:340px;'>
			<a href="https://i0.wp.com/vonderheideducht.de/wp-content/uploads/2016/01/fiete1.jpg?fit=333%2C500&ssl=1" title="Fiete" rel="polaroid_1916103799" class="polaroid-gallery-item showcaption"><span class="polaroid-gallery-image" title="" style="background-image: url(https://i0.wp.com/vonderheideducht.de/wp-content/uploads/2016/01/fiete1.jpg?resize=150%2C150&ssl=1); width: 150px; height: 150px;"></span></a>
			<a href="https://i0.wp.com/vonderheideducht.de/wp-content/uploads/2016/01/fiete2.jpg?fit=333%2C500&ssl=1" title="Fiete" rel="polaroid_1916103799" class="polaroid-gallery-item showcaption"><span class="polaroid-gallery-image" title="" style="background-image: url(https://i0.wp.com/vonderheideducht.de/wp-content/uploads/2016/01/fiete2.jpg?resize=150%2C150&ssl=1); width: 150px; height: 150px;"></span></a>
			<br style="clear: both;" />
			<a href="https://i0.wp.com/vonderheideducht.de/wp-content/uploads/2016/01/fiete3.jpg?fit=333%2C500&ssl=1" title="Fiete" rel="polaroid_1916103799" class="polaroid-gallery-item showcaption"><span class="polaroid-gallery-image" title="" style="background-image: url(https://i0.wp.com/vonderheideducht.de/wp-content/uploads/2016/01/fiete3.jpg?resize=150%2C150&ssl=1); width: 150px; height: 150px;"></span></a>
			<br style="clear: both;" /></div>

<p>Fiete ist am 29.10.07 als 5. Baby von 5 um 7.35 Uhr geboren. Fiete hat von Anfang an die Figur &#8222;quadratisch praktisch gut&#8220; gehabt.  An ihm ist mir als erstes eine Besonderheit aufgefallen, manchmal saß er einfach vorm Haus auf dem Rasen, hob die Nase in die Luft und es schien, als ob er den &hellip; <a href="https://vonderheideducht.de/?page_id=1617" class="more-link"><span class="screen-reader-text">Fiete</span> weiterlesen <span class="meta-nav">&rarr;</span></a></p>
