{"id":262,"date":"2015-12-14T11:19:50","date_gmt":"2015-12-14T10:19:50","guid":{"rendered":"http:\/\/www.heideducht.de\/test\/blog\/?page_id=262"},"modified":"2025-12-26T10:56:12","modified_gmt":"2025-12-26T09:56:12","slug":"cockertreffen-25-05-2013","status":"publish","type":"page","link":"https:\/\/vonderheideducht.de\/?page_id=262","title":{"rendered":"Cockertreffen 25.05.2013"},"content":{"rendered":"<table>\n<tr>\n<td> Es regnet &#8211; doch das h\u00e4lt Cocker und Menschen nicht ab..!<\/p>\n<p><image src=\"images\/treffen_25052013\/007.jpg\"><br \/>\n<br \/>\nund noch ein paar Fotos: <\/p>\n<p><image src=\"images\/treffen_25052013\/003.jpg\"><\/p>\n<p><image src=\"images\/treffen_25052013\/001.jpg\"><\/p>\n<p><image src=\"images\/treffen_25052013\/002.jpg\"><\/p>\n<p><image src=\"images\/treffen_25052013\/004.jpg\"><\/p>\n<p><image src=\"images\/treffen_25052013\/005.jpg\"><\/p>\n<p>und dann endlich&#8230; <\/p>\n<p><image src=\"images\/treffen_25052013\/006.jpg\"><\/p>\n<p>Alle waren aber trotz Regen gut gelaunt und haben sich in Gespr\u00e4chen \u00fcber ihre Hunde<br \/>\ngut ausgetauscht..<\/p>\n<p>und n\u00e4chstes Jahr scheint wieder beim Cockertreffen die Sonne!!!<\/p>\n<p>\n<\/td>\n<\/tr>\n<tr>\n<td>\n<\/td>\n<\/tr>\n<\/table>\n","protected":false},"excerpt":{"rendered":"<p>Es regnet &#8211; doch das h\u00e4lt Cocker und Menschen nicht ab..! und noch ein paar Fotos: und dann endlich&#8230; Alle waren aber trotz Regen gut gelaunt und haben sich in Gespr\u00e4chen \u00fcber ihre Hunde gut ausgetauscht.. und n\u00e4chstes Jahr scheint wieder beim Cockertreffen die Sonne!!!<\/p>\n","protected":false},"author":1,"featured_media":0,"parent":215,"menu_order":3,"comment_status":"closed","ping_status":"closed","template":"","meta":{"ngg_post_thumbnail":0,"jetpack_post_was_ever_published":false,"footnotes":""},"class_list":["post-262","page","type-page","status-publish","hentry"],"jetpack_sharing_enabled":true,"jetpack_shortlink":"https:\/\/wp.me\/P71my5-4e","jetpack_likes_enabled":true,"_links":{"self":[{"href":"https:\/\/vonderheideducht.de\/index.php?rest_route=\/wp\/v2\/pages\/262","targetHints":{"allow":["GET"]}}],"collection":[{"href":"https:\/\/vonderheideducht.de\/index.php?rest_route=\/wp\/v2\/pages"}],"about":[{"href":"https:\/\/vonderheideducht.de\/index.php?rest_route=\/wp\/v2\/types\/page"}],"author":[{"embeddable":true,"href":"https:\/\/vonderheideducht.de\/index.php?rest_route=\/wp\/v2\/users\/1"}],"replies":[{"embeddable":true,"href":"https:\/\/vonderheideducht.de\/index.php?rest_route=%2Fwp%2Fv2%2Fcomments&post=262"}],"version-history":[{"count":6,"href":"https:\/\/vonderheideducht.de\/index.php?rest_route=\/wp\/v2\/pages\/262\/revisions"}],"predecessor-version":[{"id":285,"href":"https:\/\/vonderheideducht.de\/index.php?rest_route=\/wp\/v2\/pages\/262\/revisions\/285"}],"up":[{"embeddable":true,"href":"https:\/\/vonderheideducht.de\/index.php?rest_route=\/wp\/v2\/pages\/215"}],"wp:attachment":[{"href":"https:\/\/vonderheideducht.de\/index.php?rest_route=%2Fwp%2Fv2%2Fmedia&parent=262"}],"curies":[{"name":"wp","href":"https:\/\/api.w.org\/{rel}","templated":true}]}}

<table>
<tr>
<td> Es regnet &#8211; doch das hält Cocker und Menschen nicht ab..!</p>
<p><image src="images/treffen_25052013/007.jpg"><br />
<br />
und noch ein paar Fotos: </p>
<p><image src="images/treffen_25052013/003.jpg"></p>
<p><image src="images/treffen_25052013/001.jpg"></p>
<p><image src="images/treffen_25052013/002.jpg"></p>
<p><image src="images/treffen_25052013/004.jpg"></p>
<p><image src="images/treffen_25052013/005.jpg"></p>
<p>und dann endlich&#8230; </p>
<p><image src="images/treffen_25052013/006.jpg"></p>
<p>Alle waren aber trotz Regen gut gelaunt und haben sich in Gesprächen über ihre Hunde<br />
gut ausgetauscht..</p>
<p>und nächstes Jahr scheint wieder beim Cockertreffen die Sonne!!!</p>
<p>
</td>
</tr>
<tr>
<td>
</td>
</tr>
</table>

<p>Es regnet &#8211; doch das hält Cocker und Menschen nicht ab..! und noch ein paar Fotos: und dann endlich&#8230; Alle waren aber trotz Regen gut gelaunt und haben sich in Gesprächen über ihre Hunde gut ausgetauscht.. und nächstes Jahr scheint wieder beim Cockertreffen die Sonne!!!</p>
