{"id":88,"date":"2015-12-08T08:04:23","date_gmt":"2015-12-08T07:04:23","guid":{"rendered":"http:\/\/www.heideducht.de\/test\/blog\/?page_id=88"},"modified":"2015-12-12T09:15:59","modified_gmt":"2015-12-12T08:15:59","slug":"dicksche-und-nena-bramsche-2010","status":"publish","type":"page","link":"https:\/\/vonderheideducht.de\/?page_id=88","title":{"rendered":"Dicksche und Nena &#8211; Bramsche 2010"},"content":{"rendered":"<p>Wir haben 2 x V wie Vorz\u00fcglich!!!<br \/>\nNena ist mit starker Konkurrenz an den Start gegangen und ist ganz klasse gelaufen, flott ging es wie ein kleiner Traber durch den Ring!<br \/>\nDie Richter sagten dazu: V!<\/p>\n<p>Dicksche hat &#8222;Diva&#8220; gespielt und hatte gar keine Lust zum Laufen &#8211; und hat erstmal ein Gesicht gezogen. Das Motivationsleckerchen wurde ausgespuckt &#8211; w\u00e4h, ich mag nicht, nicht mal mit Leckerlie?!- hat sie wohl gedacht?! Aufstellen? N\u00f6\u00f6\u00f6\u00f6\u00f6 &#8211; ich setz mich wieder hin! &#8211; sagt Dicksche! Im Ring jedoch ist sie dann doch am Ende noch ganz gut gelaufen. Die Richter sagten dazu: V!<\/p>\n<div class='polaroid-gallery galleryid-88' style='width:340px;'>\n\t\t\t<a href=\"https:\/\/i0.wp.com\/vonderheideducht.de\/wp-content\/uploads\/2015\/12\/28112010_001.jpg?fit=474%2C313&ssl=1\" title=\"Bramsche 2010\" rel=\"polaroid_29181963\" class=\"polaroid-gallery-item showcaption\"><span class=\"polaroid-gallery-image\" title=\"\" style=\"background-image: url(https:\/\/i0.wp.com\/vonderheideducht.de\/wp-content\/uploads\/2015\/12\/28112010_001.jpg?resize=150%2C150&ssl=1); width: 150px; height: 150px;\"><\/span><\/a>\n\t\t\t<a href=\"https:\/\/i0.wp.com\/vonderheideducht.de\/wp-content\/uploads\/2015\/12\/28112010_002.jpg?fit=474%2C313&ssl=1\" title=\"Bramsche 2010\" rel=\"polaroid_29181963\" class=\"polaroid-gallery-item showcaption\"><span class=\"polaroid-gallery-image\" title=\"\" style=\"background-image: url(https:\/\/i0.wp.com\/vonderheideducht.de\/wp-content\/uploads\/2015\/12\/28112010_002.jpg?resize=150%2C150&ssl=1); width: 150px; height: 150px;\"><\/span><\/a>\n\t\t\t<br style=\"clear: both;\" \/>\n\t\t\t<a href=\"https:\/\/i0.wp.com\/vonderheideducht.de\/wp-content\/uploads\/2015\/12\/28112010_003.jpg?fit=474%2C313&ssl=1\" title=\"28112010_003\" rel=\"polaroid_29181963\" class=\"polaroid-gallery-item showcaption\"><span class=\"polaroid-gallery-image\" title=\"\" style=\"background-image: url(https:\/\/i0.wp.com\/vonderheideducht.de\/wp-content\/uploads\/2015\/12\/28112010_003.jpg?resize=150%2C150&ssl=1); width: 150px; height: 150px;\"><\/span><\/a>\n\t\t\t<a href=\"https:\/\/i0.wp.com\/vonderheideducht.de\/wp-content\/uploads\/2015\/12\/28112010_004.jpg?fit=474%2C313&ssl=1\" title=\"Bramsche 2010\" rel=\"polaroid_29181963\" class=\"polaroid-gallery-item showcaption\"><span class=\"polaroid-gallery-image\" title=\"\" style=\"background-image: url(https:\/\/i0.wp.com\/vonderheideducht.de\/wp-content\/uploads\/2015\/12\/28112010_004.jpg?resize=150%2C150&ssl=1); width: 150px; height: 150px;\"><\/span><\/a>\n\t\t\t<br style=\"clear: both;\" \/>\n\t\t\t<a href=\"https:\/\/i0.wp.com\/vonderheideducht.de\/wp-content\/uploads\/2015\/12\/28112010_005.jpg?fit=474%2C313&ssl=1\" title=\"Bramsche 2010\" rel=\"polaroid_29181963\" class=\"polaroid-gallery-item showcaption\"><span class=\"polaroid-gallery-image\" title=\"\" style=\"background-image: url(https:\/\/i0.wp.com\/vonderheideducht.de\/wp-content\/uploads\/2015\/12\/28112010_005.jpg?resize=150%2C150&ssl=1); width: 150px; height: 150px;\"><\/span><\/a>\n\t\t\t<br style=\"clear: both;\" \/><\/div>\n\n","protected":false},"excerpt":{"rendered":"<p>Wir haben 2 x V wie Vorz\u00fcglich!!! Nena ist mit starker Konkurrenz an den Start gegangen und ist ganz klasse gelaufen, flott ging es wie ein kleiner Traber durch den Ring! Die Richter sagten dazu: V! Dicksche hat &#8222;Diva&#8220; gespielt und hatte gar keine Lust zum Laufen &#8211; und hat erstmal ein Gesicht gezogen. Das &hellip; <a href=\"https:\/\/vonderheideducht.de\/?page_id=88\" class=\"more-link\"><span class=\"screen-reader-text\">Dicksche und Nena &#8211; Bramsche 2010<\/span> weiterlesen <span class=\"meta-nav\">&rarr;<\/span><\/a><\/p>\n","protected":false},"author":1,"featured_media":0,"parent":35,"menu_order":3,"comment_status":"open","ping_status":"closed","template":"","meta":{"ngg_post_thumbnail":0,"jetpack_post_was_ever_published":false,"footnotes":""},"class_list":["post-88","page","type-page","status-publish","hentry"],"jetpack_sharing_enabled":true,"jetpack_shortlink":"https:\/\/wp.me\/P71my5-1q","jetpack_likes_enabled":true,"_links":{"self":[{"href":"https:\/\/vonderheideducht.de\/index.php?rest_route=\/wp\/v2\/pages\/88","targetHints":{"allow":["GET"]}}],"collection":[{"href":"https:\/\/vonderheideducht.de\/index.php?rest_route=\/wp\/v2\/pages"}],"about":[{"href":"https:\/\/vonderheideducht.de\/index.php?rest_route=\/wp\/v2\/types\/page"}],"author":[{"embeddable":true,"href":"https:\/\/vonderheideducht.de\/index.php?rest_route=\/wp\/v2\/users\/1"}],"replies":[{"embeddable":true,"href":"https:\/\/vonderheideducht.de\/index.php?rest_route=%2Fwp%2Fv2%2Fcomments&post=88"}],"version-history":[{"count":3,"href":"https:\/\/vonderheideducht.de\/index.php?rest_route=\/wp\/v2\/pages\/88\/revisions"}],"predecessor-version":[{"id":255,"href":"https:\/\/vonderheideducht.de\/index.php?rest_route=\/wp\/v2\/pages\/88\/revisions\/255"}],"up":[{"embeddable":true,"href":"https:\/\/vonderheideducht.de\/index.php?rest_route=\/wp\/v2\/pages\/35"}],"wp:attachment":[{"href":"https:\/\/vonderheideducht.de\/index.php?rest_route=%2Fwp%2Fv2%2Fmedia&parent=88"}],"curies":[{"name":"wp","href":"https:\/\/api.w.org\/{rel}","templated":true}]}}